11
4410 (base 6) to base 7
2646
-464 (base 11) to base 3
-202112
Convert 214 (base 11) to base 3.
100112
What is 1010000011101 (base 2) in base 6?
35501
Convert 12e2 (base 16) to base 4.
1023202
What is 479 (base 12) in base 11?
559
What is -322 (base 9) in base 3?
-100202
1221200 (base 3) to base 12
9a6
Convert 1360 (base 7) to base 5.
4112
10871 (base 9) to base 7
30130
What is -600 (base 11) in base 16?
-2d6
-362 (base 13) to base 15
-292
What is -706 (base 15) in base 16?
-62d
Convert -439a (base 14) to base 12.
-6930
What is 13132 (base 10) in base 7?
53200
What is -13707 (base 11) in base 3?
-222201210
200210 (base 3) to base 10
507
What is 3585 (base 10) in base 15?
10e0
e3 (base 16) to base 3
22102
What is -21001100 (base 3) in base 14?
-1c31
What is 8634 (base 9) in base 2?
1100011001101
111110110 (base 2) to base 3
200121
What is -1010000111101 (base 2) in base 4?
-1100331
What is 5887 (base 11) in base 3?
101120212
Convert 3887 (base 13) to base 10.
8054
-266332 (base 7) to base 13
-19b43
-120011221 (base 3) to base 8
-25474
5288 (base 13) to base 9
16615
What is -1100 (base 7) in base 12?
-288
Convert -41461 (base 8) to base 15.
-516b
What is 1783 (base 15) in base 6?
35253
Convert -11000010000 (base 2) to base 10.
-1552
What is e10 (base 16) in base 7?
13332
What is 111231 (base 4) in base 13?
82b
What is -ba7 (base 12) in base 15?
-791
Convert 5513 (base 12) to base 8.
22237
Convert 25b (base 14) to base 2.
111011001
-32303 (base 5) to base 10
-2203
2fa2 (base 16) to base 4
2332202
3845 (base 14) to base 9
14466
Convert -1779 (base 11) to base 13.
-1052
What is -10121 (base 6) in base 4?
-111001
What is -2008 (base 12) in base 4?
-312020
Convert 71 (base 15) to base 3.
10221
13833 (base 9) to base 12
5556
Convert -114037 (base 8) to base 10.
-38943
What is 1230313 (base 4) in base 6?
52131
55445 (base 6) to base 14
2b65
Convert 14847 (base 13) to base 9.
58146
Convert 1331 (base 4) to base 5.
1000
-3320 (base 5) to base 2
-111001100
62a1 (base 11) to base 5
231324
179 (base 15) to base 2
101010011
Convert -440 (base 6) to base 9.
-206
Convert -102221 (base 3) to base 5.
-2242
Convert 9a24 (base 11) to base 5.
410330
Convert 11735 (base 9) to base 15.
250e
Convert 45d5 (base 15) to base 6.
152345
What is 9578 (base 10) in base 16?
256a
104612 (base 7) to base 9
27315
What is -10022122 (base 3) in base 14?
-c4c
Convert 40404 (base 10) to base 2.
1001110111010100
Convert -1012000 (base 3) to base 15.
-3c9
Convert 26370 (base 9) to base 13.
8145
What is 22403 (base 9) in base 12?
8763
What is 9117 (base 10) in base 9?
13450
Convert -69 (base 16) to base 6.
-253
What is -12646 (base 16) in base 11?
-51666
What is -c4a9 (base 14) in base 7?
-200502
Convert -201000 (base 3) to base 12.
-369
What is 327 (base 8) in base 11?
186
What is -48b (base 12) in base 14?
-36b
What is 1110101111110 (base 2) in base 16?
1d7e
Convert -33662 (base 9) to base 6.
-251432
What is 351354 (base 6) in base 4?
13113112
What is -1120121122 (base 3) in base 2?
-111100101011011
4510 (base 7) to base 5
22444
Convert 11011000101 (base 2) to base 13.
a34
What is -1110101100010 (base 2) in base 16?
-1d62
577c (base 14) to base 6
154214
411013 (base 5) to base 4
3033022
-1bc3 (base 15) to base 6
-43533
Convert -b4 (base 15) to base 6.
-441
What is -120120011 (base 3) in base 8?
-26120
What is -46a (base 15) in base 4?
-33220
Convert 1141 (base 10) to base 12.
7b1
What is -62b (base 13) in base 4?
-100123
Convert 190 (base 10) to base 13.
118
Convert 101111001010 (base 2) to base 14.
1158
What is -189a (base 12) in base 5?
-43443
Convert 17178 (base 10) to base 15.
5153
Convert 39a (base 16) to base 11.
769
What is a77 (base 12) in base 5?
22111
Convert -1456 (base 11) to base 16.
-754
-132 (base 8) to base 15
-60
115 (base 9) to base 11
87
What is -2453 (base 8) in base 13?
-7aa
Convert 5541 (base 7) to base 3.
2201200
What is -11001101011 (base 2) in base 11?
-1264
Convert 11001100 (base 2) to base 14.
108
21043 (base 5) to base 4
111312
-321140 (base 5) to base 13
-4bb5
What is -4c0 (base 16) in base 6?
-5344
What is -1144 (base 8) in base 2?
-1001100100
b9a (base 12) to base 11
1308
11892 (base 10) to base 7
46446
What is -15a (base 13) in base 11?
-202
What is -10143 (base 6) in base 12?
-953
Convert -1643 (base 13) to base 9.
-4428
-1111022 (base 3) to base 11
-8aa
What is -20b (base 14) in base 8?
-623
-112100200 (base 3) to base 4
-2203203
Convert 652 (base 7) to base 9.
407
What is 9762 (base 12) in base 5?
1013014
3122 (base 5) to base 12
2a4
-111001 (base 2) to base 3
-2010
Convert 111144 (base 6) to base 3.
110211101
280 (base 9) to base 11
1a3
What is -21303311 (base 4) in base 12?
-1b305
What is 2013220 (base 5) in base 4?
13320312
Convert 3512 (base 7) to base 5.
20113
Convert 30020303 (base 4) to base 2.
1100001000110011
What is -1c03 (base 13) in base 6?
-31324
What is 43672 (base 9) in base 4?
13010312
-210012 (base 3) to base 2
-1000111100
1001011011101001 (base 2) to base 12
1a435
Convert c772 (base 14) to base 7.
202202
-2000123 (base 5) to base 10
-31288
Convert -7a66 (base 12) to base 16.
-352e
Convert -32674 (base 8) to base 6.
-143404
What is 26038 (base 9) in base 8?
42173
What is 2430424 (base 5) in base 3?
2022202001
34222 (base 6) to base 15
1678
Convert -3012 (base 5) to base 14.
-1d4
39b (base 16) to base 9
1235
-13 (base 8) to base 10
-11
-1001132 (base 4) to base 3
-12202012
63355 (base 7) to base 8
36406
What is -10010 (base 5) in base 6?
-2530
Convert -1100220 (base 5) to base 13.
-873c
23200 (base 4) to base 8
1340
Convert 4414 (base 7) to base 11.
1206
38ec (base 16) to base 15
44b7
-20021 (base 4) to base 7
-1343
-80c (base 15) to base 12
-1070
What is 100011 (base 2) in base 12?
2b
Convert -1b6 (base 15) to base 14.
-204
-232 (base 11) to base 12
-1b1
12257 (base 12) to base 10
24547
14025 (base 8) to base 10
6165
What is 21a (base 14) in base 3?
120102
What is -10010100001 (base 2) in base 15?
-540
What is b000 (base 12) in base 7?
106263
47b (base 15) to base 7
2651
Convert 261 (base 15) to base 14.
2a9
Convert -8863 (base 14) to base 7.
-125553
Convert -156 (base 13) to base 10.
-240
What is -10653 (base 12) in base 3?
-1002201100
Convert 14aa (base 15) to base 4.
1011103
What is -35245 (base 7) in base 11?
-6887
-2f3 (base 16) to base 4
-23303
219a (base 12) to base 10
3718
21320011 (base 4) to base 16
9e05
What is 578 (base 11) in base 12?
496
Convert 100455 (base 6) to base 2.
1111100010011
1126 (base 8) to base 14
30a
What is -8a70 (base 12) in base 10?
-15348
-223330 (base 5) to base 4
-1330131
What is 13021 (base 8) in base 11?
4276
Convert -11022 (base 6) to base 16.
-5f6
4525 (base 7) to base 4
121210
Convert 21210 (base 3) to base 12.
156
Convert -55d (base 16) to base 12.
-965
What is -1031000 (base 4) in base 7?
-20240
-3920 (base 11) to base 8
-11760
What is -38532 (base 10) in base 13?
-14700
-45555 (base 7) to base 4
-2311110
What is -1375 (base 8) in base 13?
-46b
108b7 (base 12) to base 13
a045
What is 15623 (base 7) in base 12?
268b
-713 (base 9) to base 10
-579
Convert 1188 (base 16) to base 8.
10610
31314 (base 6) to base 9
5711
10000010011101 (base 2) to base 11
6300
What is 45d (base 15) in base 3?
1100121
Convert b639 (base 16) to base 9.
70882
2499 (base 12) to base 14
1725
4892 (base 11) to base 4
1203321
Convert -100210 (base 6) to base 10.
-7854
What is -1847 (base 15) in base 8?
-12172
Convert -14732 (base 9) to base 6.
-114345
11100 (base 2) to base 10
28
-271 (base 14) to base 15
-22b
Convert -1e5 (base 15) to base 5.
-3230
-5a06 (base 11) to base 7
-31643
What is 212330 (base 4) in base 6?
15312
518 (base 10) to base 16
206
-1373 (base 8) to base 10
-763
29da (base 14) to base 13
3508
-120141 (base 5) to base 3
-20001202
Convert -111012 (base 4) to base 9.
-1760
What is 1102101 (base 3) in base 12?
724
21135 (base 8) to base 2
10001001011101
Convert 793 (base 15) to base 10.
1713
What is 112202 (base 3) in base 12?
292
52921 (base 10) to base 6
1045001
What is 422 (base 7) in base 8?
324
What is 123 (base 8) in base 4?
1103
What is 1454 (base 6) in base 7?
1102
-3220 (base 13) to base 14
-276b
What is 1a68 (base 15) in base 5?
140343
Convert 1837 (base 13) to base 7.
13324
Convert -3b4 (bas